{"id":301,"date":"2019-10-25T12:33:18","date_gmt":"2019-10-25T12:33:18","guid":{"rendered":"https:\/\/hotelmurati.com\/index.php\/bar-restaurant\/"},"modified":"2019-10-28T08:59:46","modified_gmt":"2019-10-28T08:59:46","slug":"bar-restaurant","status":"publish","type":"page","link":"https:\/\/hotelmurati.al\/index.php\/bar-restaurant\/?lang=sq","title":{"rendered":"BAR &#038; RESTORANT"},"content":{"rendered":"<div class=\"wpb-content-wrapper\"><p>[vc_row bg_type=&#8221;image&#8221; parallax_style=&#8221;vcpb-default&#8221; bg_image_new=&#8221;id^101|url^https:\/\/hotelmurati.al\/wp-content\/uploads\/2019\/10\/Untitled-3.jpg|caption^null|alt^null|title^null|description^null&#8221; bg_image_repeat=&#8221;no-repeat&#8221; bg_override=&#8221;ex-full&#8221; css=&#8221;.vc_custom_1572007883067{margin-top: -70px !important;}&#8221;][vc_column width=&#8221;1\/2&#8243; offset=&#8221;vc_hidden-sm vc_hidden-xs&#8221;][vc_empty_space height=&#8221;72px&#8221;][vc_custom_heading text=&#8221;BAR &#038; RESTORANT MURATI&#8221; font_container=&#8221;tag:h1|font_size:54|text_align:left|color:%23223e78&#8243; google_fonts=&#8221;font_family:Roboto%20Condensed%3A300%2C300italic%2Cregular%2Citalic%2C700%2C700italic|font_style:400%20regular%3A400%3Anormal&#8221;][vc_empty_space][vc_custom_heading text=&#8221;Pavar\u00ebsisht n\u00ebse doni t\u00eb drekoni apo thjesht t\u00eb pini di\u00e7ka pas nj\u00eb dite t\u00eb ngarkuar, bari dhe restoranti jon\u00eb do tju vijn\u00eb gjithmon\u00eb n\u00eb ndihm\u00eb. Mos hezitoni t\u00eb rezervoni nj\u00eb tavolin\u00eb dhe darka juaj do t\u00eb transformohet n\u00eb nj\u00eb udh\u00ebtim t\u00eb v\u00ebrtet\u00eb k\u00ebnaq\u00ebsie, duke zbuluar nj\u00eb m\u00ebnyr\u00eb t\u00eb re t\u00eb perceptimit t\u00eb kuzhin\u00ebs tradicionale t\u00eb zon\u00ebs, e cila \u00ebsht\u00eb nd\u00ebr m\u00eb t\u00eb larmishmet n\u00eb shije dhe receta: asnj\u00eb restorant tjet\u00ebr n\u00eb Ksamil nuk mund t&#8217;ju ofroj\u00eb m\u00eb shum\u00eb.&#8221; font_container=&#8221;tag:p|font_size:19|text_align:justify|color:%23223e78&#8243; google_fonts=&#8221;font_family:Pontano%20Sans%3Aregular|font_style:400%20regular%3A400%3Anormal&#8221; css=&#8221;.vc_custom_1572251454573{padding-right: 100px !important;}&#8221;][vc_empty_space][vc_btn title=&#8221;KONTAKT&#8221; style=&#8221;custom&#8221; custom_background=&#8221;#223e78&#8243; custom_text=&#8221;#ffffff&#8221; shape=&#8221;square&#8221; align=&#8221;left&#8221; link=&#8221;url:https%3A%2F%2Fhotelmurati.al%2Findex.php%2Fcontact%2F%3Flang%3Dsq|||&#8221;][\/vc_column][vc_column width=&#8221;1\/2&#8243; offset=&#8221;vc_hidden-sm vc_hidden-xs&#8221;][vc_empty_space height=&#8221;72px&#8221;][vc_single_image image=&#8221;304&#8243; img_size=&#8221;full&#8221; style=&#8221;vc_box_shadow&#8221; css_animation=&#8221;fadeInLeft&#8221; image_hovers=&#8221;false&#8221; css=&#8221;.vc_custom_1572007592083{margin-left: -50px !important;}&#8221; el_class=&#8221;img&#8221;][vc_empty_space height=&#8221;72px&#8221;][\/vc_column][\/vc_row][vc_row bg_type=&#8221;image&#8221; parallax_style=&#8221;vcpb-default&#8221; bg_image_new=&#8221;id^101|url^https:\/\/hotelmurati.al\/wp-content\/uploads\/2019\/10\/Untitled-3.jpg|caption^null|alt^null|title^null|description^null&#8221; bg_image_repeat=&#8221;no-repeat&#8221; bg_override=&#8221;ex-full&#8221;][vc_column width=&#8221;1\/2&#8243; offset=&#8221;vc_hidden-lg vc_hidden-md&#8221;][vc_custom_heading text=&#8221;BAR &#038; RESTORANT MURATI&#8221; font_container=&#8221;tag:h1|font_size:34|text_align:left|color:%23223e78&#8243; google_fonts=&#8221;font_family:Roboto%20Condensed%3A300%2C300italic%2Cregular%2Citalic%2C700%2C700italic|font_style:400%20regular%3A400%3Anormal&#8221;][vc_empty_space][vc_custom_heading text=&#8221;Pavar\u00ebsisht n\u00ebse doni t\u00eb drekoni apo thjesht t\u00eb pini di\u00e7ka pas nj\u00eb dite t\u00eb ngarkuar, bari dhe restoranti jon\u00eb do tju vijn\u00eb gjithmon\u00eb n\u00eb ndihm\u00eb. Mos hezitoni t\u00eb rezervoni nj\u00eb tavolin\u00eb dhe darka juaj do t\u00eb transformohet n\u00eb nj\u00eb udh\u00ebtim t\u00eb v\u00ebrtet\u00eb k\u00ebnaq\u00ebsie, duke zbuluar nj\u00eb m\u00ebnyr\u00eb t\u00eb re t\u00eb perceptimit t\u00eb kuzhin\u00ebs tradicionale t\u00eb zon\u00ebs, e cila \u00ebsht\u00eb nd\u00ebr m\u00eb t\u00eb larmishmet n\u00eb shije dhe receta: asnj\u00eb restorant tjet\u00ebr n\u00eb Ksamil nuk mund t&#8217;ju ofroj\u00eb m\u00eb shum\u00eb.&#8221; font_container=&#8221;tag:p|font_size:19|text_align:justify|color:%23223e78&#8243; google_fonts=&#8221;font_family:Pontano%20Sans%3Aregular|font_style:400%20regular%3A400%3Anormal&#8221;][vc_empty_space][vc_btn title=&#8221;KONTAKT&#8221; style=&#8221;custom&#8221; custom_background=&#8221;#223e78&#8243; custom_text=&#8221;#ffffff&#8221; shape=&#8221;square&#8221; align=&#8221;left&#8221; link=&#8221;url:https%3A%2F%2Fhotelmurati.al%2Findex.php%2Fcontact%2F%3Flang%3Dsq|||&#8221;][\/vc_column][vc_column width=&#8221;1\/2&#8243; offset=&#8221;vc_hidden-lg vc_hidden-md&#8221;][vc_single_image image=&#8221;304&#8243; img_size=&#8221;full&#8221; style=&#8221;vc_box_shadow&#8221; css_animation=&#8221;fadeInLeft&#8221; image_hovers=&#8221;false&#8221; el_class=&#8221;img&#8221;][vc_empty_space height=&#8221;72px&#8221;][\/vc_column][\/vc_row][vc_row full_width=&#8221;stretch_row_content_no_spaces&#8221;][vc_column][vc_media_grid element_width=&#8221;2&#8243; grid_id=&#8221;vc_gid:1572253055355-217be1f1-58cc-2&#8243; include=&#8221;307,308,309,310,311,312&#8243;][\/vc_column][\/vc_row]<\/p>\n<\/div>","protected":false},"excerpt":{"rendered":"<p>[vc_row bg_type=&#8221;image&#8221; parallax_style=&#8221;vcpb-default&#8221; bg_image_new=&#8221;id^101|url^https:\/\/hotelmurati.al\/wp-content\/uploads\/2019\/10\/Untitled-3.jpg|caption^null|alt^null|title^null|description^null&#8221; bg_image_repeat=&#8221;no-repeat&#8221; bg_override=&#8221;ex-full&#8221; css=&#8221;.vc_custom_1572007883067{margin-top: -70px !important;}&#8221;][vc_column width=&#8221;1\/2&#8243; offset=&#8221;vc_hidden-sm vc_hidden-xs&#8221;][vc_empty_space height=&#8221;72px&#8221;][vc_custom_heading text=&#8221;BAR &#038; RESTORANT MURATI&#8221; font_container=&#8221;tag:h1|font_size:54|text_align:left|color:%23223e78&#8243; google_fonts=&#8221;font_family:Roboto%20Condensed%3A300%2C300italic%2Cregular%2Citalic%2C700%2C700italic|font_style:400%20regular%3A400%3Anormal&#8221;][vc_empty_space][vc_custom_heading text=&#8221;Pavar\u00ebsisht n\u00ebse doni t\u00eb drekoni apo thjesht t\u00eb pini di\u00e7ka pas nj\u00eb dite t\u00eb ngarkuar, bari dhe restoranti jon\u00eb do tju vijn\u00eb gjithmon\u00eb n\u00eb ndihm\u00eb. Mos hezitoni t\u00eb rezervoni nj\u00eb tavolin\u00eb dhe darka juaj do t\u00eb&hellip;<\/p>\n","protected":false},"author":2,"featured_media":0,"parent":0,"menu_order":0,"comment_status":"closed","ping_status":"closed","template":"","meta":{"footnotes":""},"class_list":["post-301","page","type-page","status-publish","hentry","description-off"],"_links":{"self":[{"href":"https:\/\/hotelmurati.al\/index.php\/wp-json\/wp\/v2\/pages\/301","targetHints":{"allow":["GET"]}}],"collection":[{"href":"https:\/\/hotelmurati.al\/index.php\/wp-json\/wp\/v2\/pages"}],"about":[{"href":"https:\/\/hotelmurati.al\/index.php\/wp-json\/wp\/v2\/types\/page"}],"author":[{"embeddable":true,"href":"https:\/\/hotelmurati.al\/index.php\/wp-json\/wp\/v2\/users\/2"}],"replies":[{"embeddable":true,"href":"https:\/\/hotelmurati.al\/index.php\/wp-json\/wp\/v2\/comments?post=301"}],"version-history":[{"count":6,"href":"https:\/\/hotelmurati.al\/index.php\/wp-json\/wp\/v2\/pages\/301\/revisions"}],"predecessor-version":[{"id":405,"href":"https:\/\/hotelmurati.al\/index.php\/wp-json\/wp\/v2\/pages\/301\/revisions\/405"}],"wp:attachment":[{"href":"https:\/\/hotelmurati.al\/index.php\/wp-json\/wp\/v2\/media?parent=301"}],"curies":[{"name":"wp","href":"https:\/\/api.w.org\/{rel}","templated":true}]}}